e (21/9 - 2)*438. Let y be 4 - (0 + -4 + n). Let p = 201 + y. Calculate the greatest common factor of 7 and p.
7
Suppose 0*h = 2*h - 86. Let r = -8 + 51. Calculate the greatest common divisor of r and h.
43
Suppose -2*j - 6*a = -2*a - 60, 5*j + 4*a = 168. Let o be (-1 - (0 - 3))/(j/216). Calculate the highest common factor of o and 204.
12
Suppose 5736 - 6321 = -s. What is the highest common factor of s and 65?
65
Let w be (1/3)/((-14)/(-5754)). Calculate the greatest common factor of 685 and w.
137
Suppose -10*a = -8*a - 74. Calculate the greatest common divisor of a and 1.
1
Suppose 0 = 5*q - 15, -32*x + 35*x + 3*q - 108 = 0. Suppose 3*v + 118 = -56. Let z = -36 - v. Calculate the greatest common divisor of x and z.
11
Let o be ((-231)/(-44))/((-12)/(-32)). Calculate the highest common divisor of o and 28.
14
Suppose -19*c + 17*c + 4*t = -106, -4*c = -4*t - 204. Calculate the highest common factor of 392 and c.
49
Suppose 0*j = 2*j - 4*y - 248, -2*j = -2*y - 238. Suppose 3*n = 174 - j. Calculate the greatest common divisor of 4 and n.
4
Suppose 5*u = 2*y, 5*u + 70 = -7*y + 2*y. Let i be (-2)/y - (-3454)/55. What is the highest common factor of 14 and i?
7
Let s be ((-3)/2)/(16/(-32)). Suppose 11 = 2*h + 3. Suppose s - 15 = -h*d. What is the highest common factor of d and 21?
3
Suppose 35 = 6*c - 7. Let g(q) = q**3 - 6*q**2 - 5*q - 6. Let h be g(c). What is the highest common factor of 104 and h?
8
Let d = -123 - -175. Let a = d + -46. Suppose -3*z = 5 - 32. What is the highest common divisor of z and a?
3
Suppose -3*v = 4*q - 11, 5*v + 2*q = 3*q + 49. Let r = 11 - v. Suppose -o - 282 = -2*y, 3*o + 560 = 6*y - r*y. What is the highest common factor of y and 13?
13
Suppose 2*t = -3*z + t - 69, 2*z - 5*t + 29 = 0. Let i = z + 23. Let x = 10 - i. Calculate the greatest common factor of 3 and x.
3
Suppose -5*g + g - 2*u = 68, 4*u + 88 = -5*g. Let c = g - -40. Calculate the highest common factor of 56 and c.
8
Suppose 4*a - 2*c = 112, -c - 7 = a - 29. What is the highest common divisor of 117 and a?
13
Suppose 3*f - 228 = 15. Let z = 15 + -18. Let j be (-9 - 0)/(z - -2). What is the highest common divisor of f and j?
9
Suppose 4*l + 42 = 5*c, l = 3*c - 4*c + 12. Let y = -650 + 660. What is the greatest common factor of c and y?
10
Let o = -930 + 940. What is the highest common divisor of 1730 and o?
10
Suppose -11*m + 16*x - 19*x + 201 = 0, -2*x = m - 20. What is the highest common factor of m and 666?
18
Let b(c) = c**2 + 480. Let g be b(0). Let n = -53 - -53. Suppose -g = -3*k - n*k. Calculate the highest common divisor of 20 and k.
20
Suppose 0 = 5*s - 9*s + 24. Let c be 9/s + -2*903/(-12). Calculate the greatest common factor of c and 19.
19
Suppose -3*q + 0 = -3*z - 6, 2 = 2*z. Suppose -3*o + 19 = 4*t, -q*t - 47 = -5*o + 4. What is the highest common factor of o and 9?
9
Suppose 29*q - 162 = 186. What is the greatest common divisor of 92 and q?
4
Suppose 0 - 5 = -5*c. Suppose 0 = 6*h - 23 - c. What is the highest common factor of h and 32?
4
Let x = -984 + 1013. What is the highest common divisor of 1305 and x?
29
Suppose 44010 = 7*k + 2*k. Let l be k/45 - (-4)/(-6). Calculate the highest common divisor of 27 and l.
27
Let k = 646 + -631. Calculate the greatest common divisor of k and 735.
15
Suppose l = 4*v - 316, -4*v + 321 - 9 = -2*l. What is the highest common divisor of 240 and v?
80
Let d be (-21)/14 + 3 - 81/(-2). Let i = 51 - 9. Suppose c = -c + i. Calculate the highest common factor of d and c.
21
Let i(v) = 3*v + 7. Let x be i(-2). Suppose 0 = 4*d + 4*r - 4 - 12, 14 = 2*d + 5*r. Calculate the highest common factor of x and d.
1
Let r(g) = g**2 + 3*g - 7. Let s be r(-13). Let y = -21 - -13. Let k = s + y. Calculate the highest common factor of 46 and k.
23
Suppose 29*q - 36*q = -504. What is the highest common factor of q and 81?
9
Suppose -8 = 2*r, 6*c = 7*c - 2*r - 81. Calculate the highest common factor of 73 and c.
73
Let j = 385 - 253. Calculate the greatest common factor of j and 1518.
66
Let c(l) = 17*l + 6. Suppose -4*o + 3*o + 5 = 0. Let u be 0/o - (-5)/1. Let x be c(u). What is the highest common factor of 13 and x?
13
Let y = -9 - 0. Let f be (y/(-15))/(5/25). What is the greatest common divisor of 21 and f?
3
Let p be (-1)/(((-1)/45)/1). Let l(a) = -94*a - 14. Let h be l(-2). Let m = -159 + h. What is the greatest common factor of m and p?
15
Let g(n) = -n**3 - 14*n**2 - n - 2. Let t be g(-14). Suppose 3*y + 0*y = a - 23, -a = 2*y + 2. What is the greatest common factor of a and t?
4
Let d be ((-1)/7)/(22/(-154)). Let b be (-141)/(-2) - d/2. Calculate the highest common divisor of b and 20.
10
Let s = 1643 + -1628. Calculate the highest common divisor of 5 and s.
5
Let d = 11 - 9. Suppose -4*k + 1 + 5 = 2*b, d*b + 18 = 2*k. Suppose 4*s + n - 348 = -0*s, -2*s + 192 = -k*n. What is the greatest common factor of 11 and s?
11
Suppose -69 + 245 = 8*w. Calculate the greatest common divisor of w and 946.
22
Suppose 0 = -13*b + 104 + 26. What is the greatest common factor of 120 and b?
10
Let m(b) = b**2 - b + 7. Let l be m(5). Let j = -1 - -10. Calculate the greatest common divisor of j and l.
9
Let u = 30 + -9. Let n(j) = 10*j**2 - 5*j + 9. Let s be n(2). Suppose -5*f + s = -u. What is the highest common factor of 84 and f?
12
Let w = -15 - 0. Let d = -6 - w. Let n = d - 3. Calculate the highest common factor of n and 66.
6
Suppose -3*t - 74 = -2*h, 4*h = 5*t + 5*h + 145. Suppose -50 - 14 = -2*d. Let c = t + d. What is the greatest common divisor of c and 28?
4
Suppose -u - 13 = -0. Let f = u - -19. Let v = 4 - -2. What is the highest common divisor of f and v?
6
Let u be (4 + -1)*(-12)/2. Let o = 48 + u. Let x(f) = 8*f - 37. Let j be x(5). Calculate the highest common factor of o and j.
3
Suppose -5*m - 1076 + 3821 = 0. Calculate the greatest common divisor of m and 9.
9
Let q be (-20)/15*(-3)/2. Let b = -6 + 11. Suppose -b*u - p = -q*p - 177, 0 = 2*u + p - 68. What is the greatest common factor of u and 70?
35
Let l(b) = -b**2 - 10*b - 16. Let q be l(-8). Suppose q = 2*y - 76 + 22. What is the highest common divisor of y and 27?
27
Let l = 71 - 47. Let v(u) = u**2 - 17*u + 18. Let s be v(16). Suppose z = -s*w + 10, 0 = 3*z - 0*z - w - 37. What is the greatest common factor of z and l?
12
Suppose -4*t - 34 = -2*u + 22, -5*u + 124 = -2*t. Suppose 2 = -i + u. Let j be (30 - -4)*i/4. What is the greatest common factor of 17 and j?
17
Let z(v) = -3*v + 27. Let k be 4/10 - (-198)/30. Let s be z(k). Suppose -s*h + 17 = -49. Calculate the greatest common factor of h and 44.
11
Suppose -94*a = -93*a - 13. Suppose d = -d + 54. Suppose -2*g + 0*c = -2*c - 32, -4*c = 3*g - d. What is the highest common factor of a and g?
13
Suppose -4*j = -14*j + 270. What is the highest common divisor of 216 and j?
27
Let v(k) = k**2 - 3*k + 8. Let m be v(7). Suppose -s + 35 = -m. Suppose 0 = -3*n + s - 20. What is the greatest common divisor of 34 and n?
17
Let a(u) = 10*u - 43. Let z be a(23). Calculate the highest common divisor of z and 17.
17
Let s = -436 + 460. Calculate the highest common factor of s and 384.
24
Suppose 0 = -10*o + 5*o + 45. Let a(m) be the second derivative of -m**3/3 + 21*m**2/2 + 2*m. Let w be a(o). What is the greatest common factor of 3 and w?
3
Let j = 112 - 109. Suppose 0 = -6*y + 232 + 2. What is the greatest common divisor of y and j?
3
Suppose -878*v + 889*v = 44. Let q = 5 - 18. Let m be (-2)/(-3)*(2 - q). Calculate the highest common divisor of m and v.
2
Let z be (18/12)/(3/398). Suppose 2*w + 2*f = -f + 124, z = 3*w - 2*f. What is the greatest common divisor of 26 and w?
13
Let r be (-22 + 25)*133/1. Let n be ((-6)/9)/((-14)/r). Calculate the highest common factor of n and 171.
19
Let y be (-60)/30*(0 + -2). Let c(w) = -w. Let t be c(0). Suppose -l + d + 4 = -0*d, t = l + y*d - 29. Calculate the greatest common factor of 18 and l.
9
Let r be (-54)/13 + (-3)/(39/(-2)). Let l(d) = d**2 - 4*d + 0 + 0*d**2 + 3. Let x be l(r). What is the greatest common divisor of 14 and x?
7
Let f be (190/(-4))/((-7)/14). Suppose 4*w = 5*w - 5. Suppose 19 = d - 5*u + 8*u, -f = -w*d + 4*u. Calculate the highest common divisor of 76 and d.
19
Suppose -2 + 3 = l. Let r(m) = 11 - 8 - m + 2*m + 8. Let d be r(-10). What is the highest c